{"id":226,"date":"2024-12-02T07:43:46","date_gmt":"2024-12-02T07:43:46","guid":{"rendered":"https:\/\/melomeli.com.vn\/?post_type=product&#038;p=226"},"modified":"2025-03-24T02:44:08","modified_gmt":"2025-03-24T02:44:08","slug":"nuoc-tay-trang-lam-sach-sau-cap-am-va-lam-diu-da-melomeli-b5-hyaluronic-acid-cleansing-water-550ml","status":"publish","type":"product","link":"https:\/\/melomeli.com.vn\/?product=nuoc-tay-trang-lam-sach-sau-cap-am-va-lam-diu-da-melomeli-b5-hyaluronic-acid-cleansing-water-550ml","title":{"rendered":"N\u01b0\u1edbc T\u1ea9y Trang L\u00e0m S\u1ea1ch S\u00e2u C\u1ea5p \u1ea8m V\u00e0 L\u00e0m D\u1ecbu Da MELOMELI B5 HYALURONIC ACID CLEANSING WATER 550ml"},"content":{"rendered":"<p><strong>M\u00e3 s\u1ea3n ph\u1ea9m<\/strong>: 8809153406040<\/p>\n<p><b>Th\u00f4ng tin s\u1ea3n ph\u1ea9m<\/b><span style=\"font-weight: 400;\">: N\u01b0\u1edbc T\u1ea9y Trang B5 MELOMELI l\u00e0 s\u1ea3n ph\u1ea9m kh\u00f4ng ch\u1ec9 \u0111\u01b0\u1ee3c s\u1ea3n xu\u1ea5t v\u1edbi c\u00f4ng th\u1ee9c an to\u00e0n, m\u00e0 c\u00f2n \u0111\u01b0\u1ee3c ki\u1ec3m nghi\u1ec7m k\u1ef9 l\u01b0\u1ee1ng \u0111\u1ec3 ph\u00f9 h\u1ee3p v\u1edbi nhu c\u1ea7u ch\u0103m s\u00f3c da c\u1ee7a ng\u01b0\u1eddi d\u00f9ng. V\u1edbi dung t\u00edch 550ml, N\u01b0\u1edbc T\u1ea9y Trang B5 l\u00e0 l\u1ef1a ch\u1ecdn l\u00fd t\u01b0\u1edfng cho nh\u1eefng ai t\u00ecm ki\u1ebfm gi\u1ea3i ph\u00e1p l\u00e0m s\u1ea1ch v\u00e0 ch\u0103m s\u00f3c da hi\u1ec7u qu\u1ea3, d\u1ec5 d\u00e0ng s\u1eed d\u1ee5ng h\u00e0ng ng\u00e0y.<\/span><\/p>\n<figure id=\"attachment_239\" aria-describedby=\"caption-attachment-239\" style=\"width: 1200px\" class=\"wp-caption aligncenter\"><a href=\"https:\/\/shopee.vn\/qiandu.shop\" target=\"_blank\" rel=\"noopener\"><img fetchpriority=\"high\" decoding=\"async\" class=\"wp-image-239 size-full\" src=\"https:\/\/melomeli.com.vn\/wp-content\/uploads\/2024\/12\/Tay-Trang-3.png\" alt=\"N\u01b0\u1edbc t\u1ea9y trang MELOMELI B5 Hyaluronic Acid Cleansing Water\" width=\"1200\" height=\"1200\" srcset=\"https:\/\/melomeli.com.vn\/wp-content\/uploads\/2024\/12\/Tay-Trang-3.png 1200w, https:\/\/melomeli.com.vn\/wp-content\/uploads\/2024\/12\/Tay-Trang-3-300x300.png 300w, https:\/\/melomeli.com.vn\/wp-content\/uploads\/2024\/12\/Tay-Trang-3-1024x1024.png 1024w, https:\/\/melomeli.com.vn\/wp-content\/uploads\/2024\/12\/Tay-Trang-3-150x150.png 150w, https:\/\/melomeli.com.vn\/wp-content\/uploads\/2024\/12\/Tay-Trang-3-768x768.png 768w, https:\/\/melomeli.com.vn\/wp-content\/uploads\/2024\/12\/Tay-Trang-3-600x600.png 600w, https:\/\/melomeli.com.vn\/wp-content\/uploads\/2024\/12\/Tay-Trang-3-100x100.png 100w\" sizes=\"(max-width: 1200px) 100vw, 1200px\" \/><\/a><figcaption id=\"caption-attachment-239\" class=\"wp-caption-text\">N\u01b0\u1edbc t\u1ea9y trang MELOMELI B5 Hyaluronic Acid Cleansing Water<\/figcaption><\/figure>\n<p><b>Th\u00f4ng tin th\u01b0\u01a1ng hi\u1ec7u<\/b><span style=\"font-weight: 400;\">: MELOMELI<\/span><\/p>\n<p><span style=\"font-weight: 400;\">MELO MELI, ra m\u1eaft v\u00e0o n\u0103m 2017, l\u00e0 th\u01b0\u01a1ng hi\u1ec7u m\u1ef9 ph\u1ea9m H\u00e0n Qu\u1ed1c n\u1ed5i b\u1eadt v\u1edbi s\u1ee9 m\u1ec7nh &#8220;hi\u1ec3u v\u1ec1 m\u1ef9 ph\u1ea9m, hi\u1ec3u h\u01a1n v\u1ec1 vi\u1ec7c t\u1ea9y trang&#8221;. Chuy\u00ean cung c\u1ea5p c\u00e1c s\u1ea3n ph\u1ea9m t\u1ea9y trang hi\u1ec7u qu\u1ea3, d\u1ecbu nh\u1eb9, MELOMELI k\u1ebft h\u1ee3p c\u00f4ng ngh\u1ec7 v\u00e0 th\u00e0nh ph\u1ea7n s\u00e1ng t\u1ea1o \u0111\u1ec3 mang l\u1ea1i gi\u1ea3i ph\u00e1p l\u00e0m s\u1ea1ch s\u00e2u, \u0111\u1ed3ng th\u1eddi d\u01b0\u1ee1ng \u1ea9m cho da.<\/span><\/p>\n<p><span style=\"font-weight: 400;\">V\u1edbi cam k\u1ebft ch\u0103m s\u00f3c l\u00e0n da t\u1eeb b\u00ean trong, MELOMELI \u0111\u00e3 nhanh ch\u00f3ng chi\u1ebfm \u0111\u01b0\u1ee3c c\u1ea3m t\u00ecnh c\u1ee7a ng\u01b0\u1eddi ti\u00eau d\u00f9ng t\u1ea1i H\u00e0n Qu\u1ed1c v\u00e0 Qu\u1ed1c T\u1ebf, \u0111\u1eb7c bi\u1ec7t l\u00e0 gi\u1edbi tr\u1ebb. Th\u01b0\u01a1ng hi\u1ec7u n\u00e0y c\u0169ng \u0111\u01b0\u1ee3c nhi\u1ec1u ng\u00f4i sao v\u00e0 chuy\u00ean gia l\u00e0m \u0111\u1eb9p \u01b0a chu\u1ed9ng nh\u1edd v\u00e0o ch\u1ea5t l\u01b0\u1ee3ng v\u01b0\u1ee3t tr\u1ed9i v\u00e0 hi\u1ec7u qu\u1ea3 r\u00f5 r\u1ec7t.<\/span><\/p>\n<p><b>C\u00f4ng d\u1ee5ng:\u00a0<\/b><\/p>\n<p><span style=\"font-weight: 400;\">&#8211; L\u00e0m s\u1ea1ch s\u00e2u: Gi\u00fap lo\u1ea1i b\u1ecf b\u1ee5i b\u1ea9n, d\u1ea7u th\u1eeba v\u00e0 l\u1edbp trang \u0111i\u1ec3m hi\u1ec7u qu\u1ea3, mang l\u1ea1i l\u00e0n da s\u1ea1ch s\u1ebd.<\/span><\/p>\n<p><span style=\"font-weight: 400;\">&#8211; C\u1ea5p \u1ea9m v\u00e0 l\u00e0m d\u1ecbu: Ch\u1ee9a Axit Hyaluronic v\u00e0 Panthenol, s\u1ea3n ph\u1ea9m cung c\u1ea5p \u0111\u1ed9 \u1ea9m s\u00e2u, gi\u00fap da m\u1ec1m m\u1ea1i v\u00e0 gi\u1ea3m k\u00edch \u1ee9ng.<\/span><\/p>\n<p><span style=\"font-weight: 400;\">&#8211; D\u01b0\u1ee1ng da kh\u1ecfe m\u1ea1nh: C\u00e1c chi\u1ebft xu\u1ea5t t\u1ef1 nhi\u00ean t\u1eeb r\u1ec5 Gastrodia, \u0111\u1eadu n\u00e0nh, g\u1ea1o v\u00e0 nh\u00e2n s\u00e2m t\u0103ng c\u01b0\u1eddng s\u1ee9c kh\u1ecfe cho da, gi\u00fap da r\u1ea1ng r\u1ee1 h\u01a1n.<\/span><\/p>\n<p><span style=\"font-weight: 400;\">&#8211; Th\u01b0 gi\u00e3n v\u00e0 b\u1ea3o v\u1ec7: Chi\u1ebft xu\u1ea5t hoa o\u1ea3i h\u01b0\u01a1ng v\u00e0 Matricaria gi\u00fap l\u00e0m d\u1ecbu da, mang l\u1ea1i c\u1ea3m gi\u00e1c th\u01b0 gi\u00e3n sau khi s\u1eed d\u1ee5ng.<\/span><\/p>\n<p><span style=\"font-weight: 400;\">&#8211; Ph\u00f9 h\u1ee3p v\u1edbi m\u1ecdi lo\u1ea1i da: K\u1ebft c\u1ea5u nh\u1eb9 nh\u00e0ng, an to\u00e0n cho c\u1ea3 da nh\u1ea1y c\u1ea3m, gi\u00fap c\u00e2n b\u1eb1ng \u0111\u1ed9 \u1ea9m v\u00e0 b\u1ea3o v\u1ec7 da.<\/span><\/p>\n<figure id=\"attachment_245\" aria-describedby=\"caption-attachment-245\" style=\"width: 1200px\" class=\"wp-caption aligncenter\"><a href=\"https:\/\/shopee.vn\/qiandu.shop\" target=\"_blank\" rel=\"noopener\"><img decoding=\"async\" class=\"wp-image-245 size-full\" src=\"https:\/\/melomeli.com.vn\/wp-content\/uploads\/2024\/12\/Tay-Trang-9.png\" alt=\"N\u01b0\u1edbc t\u1ea9y trang MELOMELI B5 Hyaluronic Acid Cleansing Water\" width=\"1200\" height=\"1200\" srcset=\"https:\/\/melomeli.com.vn\/wp-content\/uploads\/2024\/12\/Tay-Trang-9.png 1200w, https:\/\/melomeli.com.vn\/wp-content\/uploads\/2024\/12\/Tay-Trang-9-300x300.png 300w, https:\/\/melomeli.com.vn\/wp-content\/uploads\/2024\/12\/Tay-Trang-9-1024x1024.png 1024w, https:\/\/melomeli.com.vn\/wp-content\/uploads\/2024\/12\/Tay-Trang-9-150x150.png 150w, https:\/\/melomeli.com.vn\/wp-content\/uploads\/2024\/12\/Tay-Trang-9-768x768.png 768w, https:\/\/melomeli.com.vn\/wp-content\/uploads\/2024\/12\/Tay-Trang-9-600x600.png 600w, https:\/\/melomeli.com.vn\/wp-content\/uploads\/2024\/12\/Tay-Trang-9-100x100.png 100w\" sizes=\"(max-width: 1200px) 100vw, 1200px\" \/><\/a><figcaption id=\"caption-attachment-245\" class=\"wp-caption-text\">N\u01b0\u1edbc t\u1ea9y trang MELOMELI B5 Hyaluronic Acid Cleansing Water<\/figcaption><\/figure>\n<p><b>Th\u00e0nh ph\u1ea7n ch\u00ednh:<\/b><\/p>\n<p><span style=\"font-weight: 400;\">&#8211; Water: Dung m\u00f4i ch\u00ednh, gi\u00fap h\u00f2a tan c\u00e1c th\u00e0nh ph\u1ea7n kh\u00e1c v\u00e0 c\u1ea5p \u1ea9m cho da.<\/span><\/p>\n<p><span style=\"font-weight: 400;\">&#8211; PEG-6 Caprylic\/Capric Glycerides v\u00e0 PEG-7 Glyceryl Cocoate: L\u00e0m s\u1ea1ch d\u1ecbu nh\u1eb9 v\u00e0 d\u01b0\u1ee1ng \u1ea9m cho da.<\/span><\/p>\n<p><span style=\"font-weight: 400;\">&#8211; Panthenol (100ppm): D\u01b0\u1ee1ng \u1ea9m, l\u00e0m d\u1ecbu v\u00e0 h\u1ed7 tr\u1ee3 ph\u1ee5c h\u1ed3i da.<\/span><\/p>\n<p><span style=\"font-weight: 400;\">&#8211; Sodium Hyaluronate (1ppm): Cung c\u1ea5p \u0111\u1ed9 \u1ea9m s\u00e2u v\u00e0 gi\u1eef da m\u1ec1m m\u01b0\u1ee3t.<\/span><\/p>\n<p><span style=\"font-weight: 400;\">&#8211; Ceramide NP: C\u1ee7ng c\u1ed1 h\u00e0ng r\u00e0o b\u1ea3o v\u1ec7 da, ng\u0103n ng\u1eeba m\u1ea5t n\u01b0\u1edbc v\u00e0 l\u00e0m d\u1ecbu da.<\/span><\/p>\n<figure id=\"attachment_241\" aria-describedby=\"caption-attachment-241\" style=\"width: 1200px\" class=\"wp-caption aligncenter\"><a href=\"https:\/\/shopee.vn\/qiandu.shop\" target=\"_blank\" rel=\"noopener\"><img decoding=\"async\" class=\"wp-image-241 size-full\" src=\"https:\/\/melomeli.com.vn\/wp-content\/uploads\/2024\/12\/Tay-Trang-5.png\" alt=\"N\u01b0\u1edbc t\u1ea9y trang MELOMELI B5 Hyaluronic Acid Cleansing Water\" width=\"1200\" height=\"1200\" srcset=\"https:\/\/melomeli.com.vn\/wp-content\/uploads\/2024\/12\/Tay-Trang-5.png 1200w, https:\/\/melomeli.com.vn\/wp-content\/uploads\/2024\/12\/Tay-Trang-5-300x300.png 300w, https:\/\/melomeli.com.vn\/wp-content\/uploads\/2024\/12\/Tay-Trang-5-1024x1024.png 1024w, https:\/\/melomeli.com.vn\/wp-content\/uploads\/2024\/12\/Tay-Trang-5-150x150.png 150w, https:\/\/melomeli.com.vn\/wp-content\/uploads\/2024\/12\/Tay-Trang-5-768x768.png 768w, https:\/\/melomeli.com.vn\/wp-content\/uploads\/2024\/12\/Tay-Trang-5-600x600.png 600w, https:\/\/melomeli.com.vn\/wp-content\/uploads\/2024\/12\/Tay-Trang-5-100x100.png 100w\" sizes=\"(max-width: 1200px) 100vw, 1200px\" \/><\/a><figcaption id=\"caption-attachment-241\" class=\"wp-caption-text\">N\u01b0\u1edbc t\u1ea9y trang MELOMELI B5 Hyaluronic Acid Cleansing Water<\/figcaption><\/figure>\n<p><b>B\u1ea3ng th\u00e0nh ph\u1ea7n:<\/b><\/p>\n<p><span style=\"font-weight: 400;\">Water, PEG-6 Caprylic\/Capric Glycerides, Dipropylene Glycol, PEG-7 Glyceryl Cocoate, Phenoxyethanol, Ethylhexylglycerin, Disodium EDTA, Butylene Glycol, Panthenol (100ppm), Ethoxydiglycol, Propanediol, Glycerin, 1,2-Hexanediol, Gastrodia Elata Root Extract, Lactobacillus\/Soybean Ferment Extract, Lactobacillus\/Rice Ferment, Lactobacillus\/Panax Ginseng Root Ferment Filtrate, Saccharomyces\/Coix Lacryma-Jobi Ma-yuen Seed Ferment Filtrate, Saccharomyces\/Potato Extract Ferment Filtrate, Caprylic\/capric Triglyceride, Salicornia Herbacea Extract, Phragmites Communis Extract, Sodium Hyaluronate (1ppm),\u00a0 Lavandula Angustifolia (Lavender) Flower Water, Salvia Sclarea (Clary) Extract, Hyacinthus Orientalis (Hyacinth) Extract, Chamomilla Recutita (Matricaria) Flower\/Leaf Extract, Borago Officinalis Extract, Centaurea Cyanus Flower Extract, Hydrogenated Lecithin, Ceramide NP, Camellia Japonica Seed Oil, Hydrolyzed Hyaluronic Acid, Hydroxypropyltrimonium Hyaluronate, Linoleic Acid, Pentylene Glycol, Sodium Hyaluronate Crosspolymer,\u00a0 Sodium Acetylated Hyaluronate.<\/span><\/p>\n<p><b>H\u01b0\u1edbng d\u1eabn s\u1eed d\u1ee5ng:<\/b><\/p>\n<p><span style=\"font-weight: 400;\">&#8211; B\u01b0\u1edbc 1: Th\u1ea5m \u01b0\u1edbt b\u00f4ng t\u1ea9y trang,<\/span><\/p>\n<p><span style=\"font-weight: 400;\">&#8211; B\u01b0\u1edbc 2: \u00c1p l\u00ean da, d\u00f9ng \u0111\u1ea7u ng\u00f3n tay v\u1ed7\/ d\u1eb7m nh\u1eb9 t\u1eeb 5-10 gi\u00e2y.\u00a0<\/span><\/p>\n<p><span style=\"font-weight: 400;\">&#8211; B\u01b0\u1edbc 3: Lau nh\u1eb9 nh\u00e0ng theo h\u01b0\u1edbng t\u1eeb trong ra ngo\u00e0i t\u1eeb d\u01b0\u1edbi l\u00ean tr\u00ean.<\/span><\/p>\n<p><b>Lo\u1ea1i da: <\/b><span style=\"font-weight: 400;\">Ph\u00f9 h\u1ee3p v\u1edbi m\u1ecdi lo\u1ea1i da.<\/span><\/p>\n<p><b>Dung l\u01b0\u1ee3ng: <\/b><span style=\"font-weight: 400;\">550ml (18.60 fl.oz.)<\/span><\/p>\n<p><b>B\u1ea3o qu\u1ea3n:<\/b><\/p>\n<p><span style=\"font-weight: 400;\">&#8211; Tr\u00e1nh \u00e1nh s\u00e1ng tr\u1ef1c ti\u1ebfp.<\/span><\/p>\n<p><span style=\"font-weight: 400;\">&#8211; B\u1ea3o qu\u1ea3n tr\u00e1nh n\u01a1i c\u00f3 nhi\u1ec7t \u0111\u1ed9 cao ho\u1eb7c \u1ea9m \u01b0\u1edbt.<\/span><\/p>\n<p><span style=\"font-weight: 400;\">&#8211; \u0110\u1ec3 xa t\u1ea7m tay tr\u1ebb em.<\/span><\/p>\n","protected":false},"excerpt":{"rendered":"<p><span style=\"font-weight: 400;\"> N\u01b0\u1edbc T\u1ea9y Trang B5 MELOMELI l\u00e0 s\u1ea3n ph\u1ea9m kh\u00f4ng ch\u1ec9 \u0111\u01b0\u1ee3c s\u1ea3n xu\u1ea5t v\u1edbi c\u00f4ng th\u1ee9c an to\u00e0n, m\u00e0 c\u00f2n \u0111\u01b0\u1ee3c ki\u1ec3m nghi\u1ec7m k\u1ef9 l\u01b0\u1ee1ng \u0111\u1ec3 ph\u00f9 h\u1ee3p v\u1edbi nhu c\u1ea7u ch\u0103m s\u00f3c da c\u1ee7a ng\u01b0\u1eddi d\u00f9ng<\/span><\/p>\n","protected":false},"featured_media":238,"comment_status":"open","ping_status":"closed","template":"","meta":[],"product_cat":[30],"product_tag":[27,26,24,23,25],"class_list":{"0":"post-226","1":"product","2":"type-product","3":"status-publish","4":"has-post-thumbnail","6":"product_cat-nuoc-tay-trang-melomeli","7":"product_tag-ceramide","8":"product_tag-hyaluronic-acid","9":"product_tag-melomeli","10":"product_tag-nuoc-tay-trang","11":"product_tag-vitamin-b5","13":"first","14":"instock","15":"shipping-taxable","16":"purchasable","17":"product-type-simple"},"jetpack_sharing_enabled":true,"_links":{"self":[{"href":"https:\/\/melomeli.com.vn\/index.php?rest_route=\/wp\/v2\/product\/226","targetHints":{"allow":["GET"]}}],"collection":[{"href":"https:\/\/melomeli.com.vn\/index.php?rest_route=\/wp\/v2\/product"}],"about":[{"href":"https:\/\/melomeli.com.vn\/index.php?rest_route=\/wp\/v2\/types\/product"}],"replies":[{"embeddable":true,"href":"https:\/\/melomeli.com.vn\/index.php?rest_route=%2Fwp%2Fv2%2Fcomments&post=226"}],"wp:featuredmedia":[{"embeddable":true,"href":"https:\/\/melomeli.com.vn\/index.php?rest_route=\/wp\/v2\/media\/238"}],"wp:attachment":[{"href":"https:\/\/melomeli.com.vn\/index.php?rest_route=%2Fwp%2Fv2%2Fmedia&parent=226"}],"wp:term":[{"taxonomy":"product_cat","embeddable":true,"href":"https:\/\/melomeli.com.vn\/index.php?rest_route=%2Fwp%2Fv2%2Fproduct_cat&post=226"},{"taxonomy":"product_tag","embeddable":true,"href":"https:\/\/melomeli.com.vn\/index.php?rest_route=%2Fwp%2Fv2%2Fproduct_tag&post=226"}],"curies":[{"name":"wp","href":"https:\/\/api.w.org\/{rel}","templated":true}]}}